4))/v)/(-2). Give a(h).
4
Let b(q) = 2*q**2 - 16*q - 72. Let s(l) = -l**2 - 4*l + 8. Let t(n) = b(n) + 3*s(n). Calculate t(-26).
4
Suppose -4*c - 2*x = 98, 21 = 4*c - 5*c - 4*x. Let q(i) = -2*i - 39. Determine q(c).
11
Let d(f) = 3*f**2 - 25*f + 4. Suppose -13*o + 45 + 59 = 0. Calculate d(o).
-4
Let a(j) = 3*j**2 - 1. Suppose r - 10 = -p, -3*r - 43 = -8*r + 2*p. Let t(g) = -g + 8. Let k be t(r). Give a(k).
2
Suppose -122*n - 511 - 831 = 0. Let z(m) = -m - 14. Give z(n).
-3
Let x(m) = m**3 - 4*m**2 + 2*m - 7. Let i be x(4). Let r(z) = 8. Let g(t) = 3*t - 14. Let h(l) = 3*g(l) + 5*r(l). Give h(i).
7
Let d(y) be the first derivative of -2*y - 5/3*y**3 - 27 - 3*y**2 - 1/4*y**4. Calculate d(-4).
6
Let v(x) = -x. Let y be v(-2). Suppose -4*c = -y*k - 30, -3*k - 2*c + c - 17 = 0. Let z(q) = -6*q - 4*q + 3*q + q + 5*q. What is z(k)?
7
Let b(o) be the second derivative of o**4/12 + 4*o**3/3 - 16*o**2 - 11542*o. Give b(3).
1
Let b be (-33)/8 - 4/(-32) - 0. Let o(n) = 2*n**3 + 3*n**2 - 1. Calculate o(b).
-81
Let w(v) = -21 - 31 + 37*v**2 - 20*v**2 - 18*v**2 - 10*v + 18. Determine w(-8).
-18
Suppose -8*u + 4*u = 8. Let x be (8 - u)/(20/110). Let m be 1*-2 - x/(-5). Let w(n) = -n**2 + 7*n + 11. Calculate w(m).
-7
Let m(f) = 119*f**2 - 13*f - 23. Let g(l) = -55*l**2 + 6*l + 11. Let n(z) = 13*g(z) + 6*m(z). Let t = -22 + 22. What is n(t)?
5
Let d(k) = k**2 + 8*k - 3. Let s(l) be the first derivative of l**4/4 - 8*l**3/3 - 21*l**2/2 + l + 164. Let i be s(10). What is d(i)?
6
Let n(v) = v**2 - 12*v - 11. Let q be 52/(-40)*(7 - (-5 - -22)). Calculate n(q).
2
Let m = 11 + -14. Let g(h) = h - 2. Let b(s) = s + 6. Let i be b(-4). Let v(f) = 5*f - 7. Let p(y) = i*v(y) - 9*g(y). Give p(m).
1
Let j(f) be the second derivative of -f**5/20 + f**4/12 - f**3/6 - 10*f**2 - f. Let a be (-234)/78 + (6 - 3). Calculate j(a).
-20
Let v(s) = -37*s**3 + 11*s**2 - s - 13. Let r(a) = -57*a**3 + 16*a**2 - a - 19. Let c(j) = 7*r(j) - 10*v(j). What is c(1)?
-27
Suppose -4*x + 0*x = 0. Let q be 3 - (1 + -2 - x). Let s(n) be the first derivative of n**4/4 - n**3 - 3*n**2 + n + 136. What is s(q)?
-7
Let q(b) = 2*b - 1. Let z(f) = -f**3 - 3*f**2 + 5*f + 6. Let y be (-1)/(-8) - 9/40*5. Let x be z(y). Calculate q(x).
-3
Let u be 2 - 13/(13/6). Let f be (u - -7 - 3)/1. Let c(t) = -13*t**3 + 4. Let l(a) = -28*a**3 + 9. Let x(g) = 13*c(g) - 6*l(g). Calculate x(f).
-2
Let k(w) = 5*w + 12. Suppose -5*q + 8 + 12 = 0. Suppose 0 = f + 4, -4*d + 6 = -q*f + 2. Let o be k(d). Let c(t) = -t**3 - 3*t**2 + 1. Determine c(o).
1
Let u(m) be the first derivative of -39 - 3*m + 7*m**2 + m - m**2 - 4*m**2 - 95. What is u(-2)?
-10
Let l(g) be the first derivative of 3*g**2/2 - 23*g - 341. Give l(-10).
-53
Let g(a) be the third derivative of -1/60*a**5 - 7/6*a**3 - 7*a**2 + 0*a - 1/4*a**4 + 0. Suppose 0 = -3*q - 36*p + 41*p, 0 = -5*p - 15. What is g(q)?
-2
Let u(f) = 19*f - f**3 + 31*f**2 - 23*f**2 - 15*f**2 + 13. Let t be u(-9). Let v(a) = -5*a + 17. Give v(t).
-3
Let n = -19465 + 19464. Let r(b) = -157*b**2 - 1. Determine r(n).
-158
Let f(t) = 13*t**2 - 7*t**2 - 11*t**2 - 8 + 8. Let i(k) = -k**2 + 2*k + 4. Let v be i(3). Determine f(v).
-5
Let q(g) = 2*g**2 - 25*g - 38. Suppose -3*u + 6*u - 9 = 0, -4*u + 82 = 5*i. Let s be q(i). Let f(l) = -l + 1. Determine f(s).
-3
Let f(y) = -4*y - 10. Let c(h) = -16*h - 41. Let p(t) = 2*c(t) - 9*f(t). Let j = -110 + 101. What is p(j)?
-28
Let q(f) = f - 14. Suppose -80 = -4*h - h - 5*x, -3*h + 45 = 4*x. Let v be q(h). Let c(s) = -s**3 + 4*s**2 + s. Give c(v).
-20
Let p(r) = -r**2 - 22*r + 14. Let q(h) = 5*h - 43. Let x be q(4). Determine p(x).
-9
Let l(r) be the second derivative of -r**3/6 + 2*r**2 + 5*r. Let f(w) = -17*w - 172. Let n be f(-10). Calculate l(n).
6
Let y(f) = -6*f**2 - 36*f - 51. Let v be y(-7). Let t be v/217 - (0 + 33/21). Let m(x) = -2*x + 6*x + 6 - 3. What is m(t)?
-5
Let g(f) = -f**3 + 2*f**2 - f - 2. Let x = -249 + 249. Suppose -2*q = 5*c - 10, x = -4*c + 4*q - 2 + 10. What is g(c)?
-4
Let f(c) = 1 + 2*c + c**3 - 5*c + 1. Let h be ((-24)/15)/((-52)/195). Let w = h + -4. What is f(w)?
4
Let j(p) = -8 - 10*p + 53 - 15 + 5*p + 10. What is j(9)?
-5
Let v be ((-200)/(-8))/(-5) - -8. Suppose 2 = c + 3, -5*j = 2*c - 183. Suppose -t + v*n = -7, 3*n = -2*t - 3*t - j. Let g(i) = -i**3 - 5*i**2 + 5. What is g(t)?
5
Let o(r) = 27*r**3 + 2*r - 1. Let l(d) = 190*d**3 - 22*d**2 - d - 182. Let n(h) = -l(h) + 7*o(h). Calculate n(23).
-9
Let h(g) be the third derivative of -2*g**2 + 61 - 1/24*g**4 + 0*g - 17/6*g**3. What is h(-8)?
-9
Let d be (-18)/(-20) + 779/190. Let j(z) = -3*z**3 - 10*z**2 - 9*z + 8. Let y(v) = v**3 + v**2 + v - 1. Let h(p) = j(p) + 4*y(p). What is h(d)?
-46
Let c(k) be the third derivative of 11*k**5/30 + k**4/6 + 12582*k**2. Calculate c(2).
96
Let k = 4233 - 4225. Let r(f) = -3*f**2 + 25*f - 1. What is r(k)?
7
Let v(k) be the first derivative of -13*k + 13/2*k**2 - 13/3*k**3 - 31 - 1/4*k**4. Give v(-14).
1
Suppose -r - 11*r = -132. Let b(y) = y**2 + 16*y - 10. Let g(m) = -3*m + 2. Let x(h) = r*g(h) + 2*b(h). Give x(4).
30
Let w(x) = x**2 - x. Let c(k) = -35*k**2 + 30*k. Let d(m) = -c(m) - 30*w(m). Suppose 57*o - 11*o - 46 = 0. Give d(o).
5
Let v(x) = 797*x**3 - 5*x**2 - 4*x. Let u be v(-1). Let i = -797 - u. Let p(d) = 2*d**2 + 1 + 0 - 4*d**2. Give p(i).
-1
Let v(n) be the first derivative of n**3/2 - n**2/2 - 53*n - 37. Let i(d) be the first derivative of v(d). Calculate i(-1).
-4
Let z = -14250 - -14237. Let i(p) = -26*p**2 - 3*p**3 + 2*p**3 - p**3 - 6. Calculate i(z).
-6
Let r(b) be the third derivative of b**5/30 - 25*b**4/24 - 5*b**3 - 1655*b**2. Calculate r(14).
12
Suppose 3*i + 20 = -5*p - 0*i, 2*p = -2*i - 4. Let z(o) be the second derivative of 8 - o**3 - 1/12*o**4 + 0*o**2 + 2*o. What is z(p)?
-7
Suppose -464*o - 31 = -495*o. Let w(k) = 44*k**3 + k - 1. What is w(o)?
44
Suppose 36 = r + 3*b + 35, -5*r + 2*b - 12 = 0. Let u(h) = h**3 + h**2 + 2*h - 1. Calculate u(r).
-9
Suppose 5*p - 25 = 0, 4*q - p - p + 2 = 0. Let c(j) = 0 - q*j + 0 + 8 - 15 - j**2. Give c(-5).
-22
Let m(l) = 93*l + 2*l**2 - 4 - 74*l - 23*l - 4. What is m(5)?
22
Let q(v) = -2*v - 35. Suppose 5*b + 2*b + 0*b = -84. Give q(b).
-11
Let g(z) = -4*z**3 + 2*z**2 + z + 1. Let d = -114 - 23. Let s = -135 - d. Suppose -3*p = -s*r - 14, -5*p - 3*r + 8*r + 30 = 0. Calculate g(p).
-21
Suppose -2*y = -3*d + 3*y + 1701, 0 = 2*d - 5*y - 1134. Let g(h) = 7*h - 4 + h + 569*h**2 + d*h**2 - 1135*h**2. Let o = -28 - -20. Give g(o).
-4
Let h(i) be the second derivative of -i**3/6 + 3*i**2 - 499*i + 2. What is h(-37)?
43
Let o(w) = -70 - 12*w + 0*w - 316 + 386. Suppose -2*n + v = 4*v + 9, 2*v = -n - 7. What is o(n)?
-36
Suppose 43 = 4*m - 3*u, -19*m = -18*m + 16*u + 6. Let v(t) = 2*t**3 - 20*t**2 + 15*t - 148. What is v(m)?
2
Let y(g) = -23*g - 297415277 + 297415326 + g**3 - 15*g**2 - 5*g**2. Determine y(21).
7
Let a = -382 - -387. Suppose 13*z = a*g + 8*z - 30, -2*z + 18 = 3*g. Let i(j) = -j**3 + 8*j**2 - 7*j + 6. Give i(g).
36
Let w(t) = -3*t + 114. Let z = -677 + 717. Determine w(z).
-6
Let z = 2033 - 2031. Let a(q) = q**3 + 2. What is a(z)?
10
Let o(f) = 2*f**3 + f**2 - 10*f + 4. Let g = 18882 + -18879. Determine o(g).
37
Suppose 0 = -0*j + 2*j - 40. Let z = -53 - -56. Let w(a) = -12*a**z + 20 + a - j - 8*a**3. What is w(-1)?
19
Let k(z) = z**3 - 3*z**2 + 3*z - 5. Let t be k(3). Suppose -11 + 0 = -3*r - t*q, -2*r + 3*q + 30 = 0. Let c(l) = -l**3 + 9*l**2. What is c(r)?
0
Let w(f) = -4*f**3 + 3*f**2. Suppose -4*h - s + 24 = 0, -4*h - 4*s + 2*s = -24. Suppose 0 = -h*c - 8*c + 28. What is w(c)?
-20
Let i(x) = -x**3 + 12*x**2 + 4*x + 39. Let c be i(9). Let m(r) = 0*r**3 + c + 6*r - r**3 - 325. Calculate m(2).
-3
Suppose -4 - 72 = -4*n. Suppose 8*c + n*c = -108. Let l(g) = -2*g. What is l(c)?
8
Suppose k - 76 = -83*f + 78*f, -5*f = -k - 64. Let v(t) be the second derivative of t**3/6 + 3*t**2 + 5*t. What is v(f)?
20
Let b(r) = 3*r**2 + r. Suppose 3*p = 5*f - 379, -7*p + 6*p + 5*f = 143. Let o be -119 + (2 + 0 - 2). Let d = o - p. Calculate b(d).
2
Let u(f) = -2*f - 6. Let c(l) = -5*l + 4. Let z(d) = 4*d - 4. Let j(x) = -5*c(x) - 6*z(x). Let b(r) = 7*j(r) + 3*u(r). Give b(-7).
3
Let m be (1*1/(-4))/(-11 + (-655)/(-60)). Let d(q) = q**3 + 4*q. Give d(m).
39
Let l(f) = -270 + 386 - 118 - 